 + 9
5
Calculate 2 - (12 - 6 - 0).
-4
Calculate (12 - (-1 - -8)) + (-10 - -3).
-2
Evaluate (-1 - 1) + (-23 - -29).
4
What is 3 + 1 - (2 - (-3 + 2))?
1
Evaluate 22 - 9 - (6 - -2).
5
What is the value of -6 + 1 + (-72 - -75)?
-2
What is the value of 4 + -7 + (3 - -4)?
4
What is (1 - -2) + 0 - (-4 + 2)?
5
Calculate -1 - (-4 + 3 - 0).
0
What is -1 + (0 - 0) - 1?
-2
Calculate -3 - -4 - 2 - 3 - -7.
3
What is 3 + (-6 - 0) + 4?
1
What is the value of 6 + 3 + -14 + 11?
6
Calculate 0 - (-8 + -8 + 1 - -7).
8
Calculate (5 - 10 - -9) + -6 - 8.
-10
9 + (4 - 4) + 16 + -17
8
Calculate 1 - (4 - (-2 + 8) - 3).
6
(2 - 2) + -8 + 3
-5
What is 4 - ((-4 - -8 - -6) + 3)?
-9
Evaluate 5 + -4 + (0 - 6) + 2.
-3
Calculate 0 - -7 - 3 - (-28 - -37).
-5
0 - ((2 - 5) + 7)
-4
Evaluate 1 + (6 - 5 - (1 - 1)).
2
What is 2 + 1 - (-15 + 21)?
-3
Evaluate -4 - (-10 - -1) - 4.
1
-4 + 6 + 6 + -2
6
Calculate -3 - (-5 + -8) - 8.
2
1 + -6 + (-2 - (4 + -20))
9
(5 - 9) + 0 + 2
-2
-9 - (5 - 14 - -7)
-7
What is the value of 4 + -1 + 2 + (-10 - -5)?
0
What is the value of (-2 - -2) + (-3 - -2)?
-1
Calculate -1 - (9 + -22 - -6).
6
What is the value of (-5 - -7) + 0 + (2 - 1)?
3
What is (2 + 0 - (1 + -1)) + -2?
0
Calculate (-8 + 5 - -1) + 1 + -1.
-2
What is -4 - ((1 - 7) + 1)?
1
What is 1 - ((-7 - 0) + 7)?
1
Calculate -4 + 24 - (23 + -12).
9
What is the value of -7 + 8 + 2 + 2?
5
What is (3 - (-8 + 3)) + -12?
-4
Evaluate -10 + (-17 - -15 - (-6 - 1)).
-5
Calculate (-3 - 1) + -19 + 22.
-1
Calculate 3 - 2 - 1 - 3.
-3
-1 + -3 - (-2 - 10 - -14)
-6
What is (-1 + -2 + 3 - 0) + 3?
3
What is the value of -5 + -1 + (0 - (7 + -6))?
-7
What is 2 + 5 + (-5 - (-8 - -4))?
6
Evaluate -4 - (-29 + 25 + 1 + 0).
-1
What is 3 - (7 - (-1 - 0))?
-5
Evaluate 7 - 8 - (1 - 2).
0
(0 - 0) + -2 + 8 + -1
5
Evaluate -5 + 0 - (-1 - (-6 + 7)).
-3
Evaluate (8 - 8) + (3 - 2) - 3.
-2
0 + (-19 + 24 - (1 + -3))
7
Calculate (1 + -3 + 4 - -1) + 4.
7
What is the value of (5 - (-4 - 0)) + -4?
5
Evaluate 4 - 2 - (-2 - (-14 + 2)).
-8
(2 - 0) + -4 - (-9 - -17)
-10
What is the value of -2 + 3 - (5 - (1 + 1))?
-2
What is (-8 - -2) + -4 - (-2 - 3)?
-5
-6 + (-2 - (4 - 10))
-2
-1 - 2 - (22 - 23)
-2
What is the value of 4 - ((5 - 12) + 11)?
0
Calculate 5 - (-2 + 8 - 4) - 3.
0
Evaluate 6 - -2 - (37 + -31).
2
What is (-18 - -10) + 13 + 0?
5
Evaluate 4 + (-3 - -9) - 18.
-8
Calculate (3 - (5 + -5 + -2)) + -4.
1
What is the value of -18 + 15 - (0 + -1)?
-2
What is the value of (1 + 2 - -2) + -2 - 1?
2
What is 4 + -17 + 10 + -3?
-6
(-1 - -9) + -15 + 2 + 9
4
Evaluate 19 + -26 + 4 + 0.
-3
(7 - 1) + -9 + 3
0
What is the value of (1 - (-2 - (6 + -10))) + -1?
-2
Evaluate 0 + (0 + 9 - 11).
-2
What is (-3 - -4) + (-1 + -1 - 1)?
-2
What is 8 + (6 - (6 + 11))?
-3
Evaluate (10 - 6) + 4 - 8.
0
What is 26 + -20 + -5 + (3 - 2)?
2
What is the value of -6 - ((-11 - 0) + 3)?
2
What is -2 - (5 - (5 - 2))?
-4
What is -10 - (-4 - -1) - (-1 + 2)?
-8
Evaluate (1 - -2) + (11 - 16).
-2
What is the value of 4 + -1 + -7 + (2 - 2)?
-4
Calculate -4 - (-9 - (-3 - -5)).
7
What is the value of -8 - ((5 + -7 - 5) + 3)?
-4
Calculate -1 + 2 + 2 + 1 + -9.
-5
Evaluate (-8 - (1 + -7 + 5)) + 4.
-3
What is 7 + (-8 - -6) - (13 - 2)?
-6
What is the value of -11 + 2 + (1 - -3) + -1?
-6
What is 4 + 17 - (36 + -23)?
8
-2 - ((1 - (2 + 0)) + 0)
-1
Calculate -10 - (5 - (8 + 0)) - -2.
-5
What is the value of -2 + 7 + -7 + (1 - -4)?
3
What is 3 + (2 - 2) - (-20 + 22)?
1
5 - 2 - 2 - (12 + -6)
-5
Evaluate (7 - 0) + -2 + -10.
-5
What is the value of -1 - -1 - (4 - 8)?
4
What is the value of -2 + 4 - (1 - (5 + -8))?
-2
What is the value of (12 + -1 + -3 - 4) + -2?
2
Evaluate -12 + 9 + (10 - 11).
-4
What is -14 + 1 + 5 - -13 - 1?
4
What is 7 + -13 + -1 + 6?
-1
What is 2 + -1 - (17 - 8)?
-8
Evaluate 5 - (-8 - (-9 - 5)).
-1
What is -2 - (0 + -11) - (30 - 27)?
6
Evaluate (-2 + 1 - 3) + 2 + 1.
-1
What is the value of 0 - (4 - (-6 + 13))?
3
2 + (-3 - (1 - (6 + -3)))
1
Evaluate 95 + -102 + (-1 - -16).
8
What is -2 + -3 + -12 + 14?
-3
Evaluate 5 + (-1 - 3 - 0) + -3.
-2
Evaluate 1 + 0 - (5 + -2).
-2
What is the value of 11 + 3 + -13 + -1 + 6?
6
Calculate 2 + -1 + (-17 - -17).
1
What is the value of (-1 + 9 - 14) + (-1 - 2)?
-9
Evaluate (5 - (5 + 9)) + 13.
4
What is the value of -4 + 0 - (-1 + -2)?
-1
Calculate 2 + -5 - (-4 - (4 - 7)).
-2
Calculate (0 - 4) + 2 + (-5 - -6).
-1
What is the value of -2 - ((-11 - (0 - 2)) + 2)?
5
What is the value of 0 + -1 - (-11 - (3 + -13))?
0
What is -2 + (1 - -7) + -6 + 4?
4
What is -2 + 3 + -4 + 13 + -13?
-3
What is (5 - 3) + -1 - (-2 + 0)?
3
What is the value of (1 - 5) + 2 + 0?
-2
What is the value of -7 + (13 - (15 - 9))?
0
What is -8 - -3 - (-2 + -1 + 1)?
-3
What is the value of 19 + (-5 - (12 + -2))?
4
Evaluate 15 + -11 + 1 + -1.
4
What is the value of 8 + (-4 - 0) - 5?
-1
(-2 - 0 - -3) + -2 + 4
3
Calculate -2 + 0 - (-3 - -1).
0
Evaluate -3 + (4 - 3) + -3.
-5
What is -6 - (-3 - (1 + 2 + -9))?
-9
Calculate -5 + 14 + -1 + -3.
5
Calculate 3 - (-3 - 3 - (-8 + 4)).
5
0 - ((0 - 0) + -2)
2
What is the value of (-5 - 0) + -12 + 8 + 5?
-4
What is -2 + (8 - (-5 - -16))?
-5
What is the value of 4 + -2 + 2 + 0?
4
3 + 1 - (26 - 24)
2
Calculate 14 - 14 - (-3 - 1).
4
Calculate 3 - (-5 + 4 + 1 + 1).
2
Calculate 16 + (-9 + 6 - 9).
4
-2 + 4 + 2 - (1 + 0)
3
Evaluate (10 - 14) + 1 + 2.
-1
Calculate -106 + 107 + 1 + 7.
9
What is (4 - -4) + -10 + (-2 - -9)?
5
What is (0 - 1) + -4 + 7 + 2?
4
3 - 5 - 1 - (-1 - 4)
2
Evaluate ((-3 - 0) + 7 - 4) + 4.
4
6 - (4 - (0 + 0 - 1))
1
Calculate 2 + -2 - (2 + -4).
2
-4 - (5 + 2 + -7 + 3)
-7
-45 - -39 - (0 + -4)
-2
Evaluate 1 + (-8 + 0 - -4).
-3
What is the value of (22 - (-6 + 15)) + -21?
-8
Evaluate -44 + 45 + 0 + -6.
-5
13 + -8 - (0 + 0)
5
11 + (-13 - -20 - 25)
-7
Calculate 18 - (-5 + 8 + 9).
6
Evaluate -1 + 5 - (-1 - -8).
-3
Evaluate -5 - (8 + -4 + -16).
7
What is (2 - -1) + (-3 - 2)?
-2
What is the value of 6 - (2 + 3 - 3)?
4
Evaluate -18 - -23 - (-2 - 0) - 12.
-5
Calculate 1 - -4 - (-3 + 8).
0
What is -20 + 21 + (-4 - 0) + 2?
-1
Evaluate 0 + -7 + 5 + 9.
7
10 + -5 - -2 - (2 - 0)
5
What is the value of (2 - -2) + 1 - 0?
5
Calculate -7 + (-2 - -7) + -5.
-7
What is the value of (6 - 5 - (1 - -7)) + 9?
2
What is 10 + -7 + 9 + -19?
-7
Calculate 1 + (6 + -3 - -1).
5
Evaluate -1 + -7 + 5 - (5 - 13).
5
Evaluate 23 + -29 + (2 - 0).
-4
What is (18 + -6 - 2) + -10?
0
What is (-2 - 0) + (-8 - -11) + -5?
-4
What is the value of 1 + (-5 + 3 - -1) + -5?
-5
7 + (8 - 0) + -6 + -5
4
Evaluate -8 - (-4 - 3) - 2.
-3
What is 7 - ((5 - 10) + 12)?
0
-2 - -3 - (-2 - (-4 + -2))
-3
Evaluate (-3 - 0 - -2) + 1.
0
Calculate (1 - -1) + 1 + -1.
2
-4 + (9 - 3) - 13
-11
What is -1 + -2 - ((-1 - -3) + -5)?
0
What is the value of (-4 - (0 - -1)) + 6 - -3?
4
What is -1 - (-6 - 2) - (-2 - -3)?
6
-3 + 2 + 0 - (-4 + 1)
2
(-14 - -5) + (0 - -4)
-5
5 + (5 - (3 - -6))
1
Evaluate -10 + 4 + 13 + -4.
3
What is 12 - 17 - (0 + -6)?
1
What is the value of -8 - (-18 - -8 - 3)?
5
What is the value of (-8 + -1 - -3) + 6?
0
What is the value of (-5 + 1 - 3) + 7?
0
Calculate 1 + -3 + (3 - 5 - -7).
3
What is the value of 2 - (-1 - (-4 + -3 + 6))?
2
Evaluate 14 + 5 + -6 + -9.
4
Calculate 8 + -8 - (4 + 1).
-5
Calculate 21 + -25 - (2 - 3).
-3
Evaluate (13 - (13 - 4)) + 0.
4
Calculate (-8 - (0 + -13)) + -2.
3
What is the value of 3 - (4 - 4 - 0) - 1?
2
-2 + ((0 - 0) + 4 - -1)
3
What is -12 + 3 + 5 + 5?
1
Calculate -12 - -22 - (10 + 0).
0
(-15 + 21 - 19) + (-2 - -9)
-6
What is the value of -6 + 2 + 8 + -5 + -3?
-4
What is the value of (-2 - -6) + -1 + -3?
0
What is (2 - 10) + (3 - 0) + 2?
-3
What is 0 + -10 + 9 - 0?
-1
-12 + -14 + 15 + 9
-2
Calculate -2 + 1 + -3 + 6.
2
What is 4 - (-8 + 4 + 14 + -1)?
-5
What is the value of (-4 - (11 + -27)) + -11?
1
What is -7 + 7 + 6 + -4?
2
7 + (-3 - 1) - 2
1
0 + (-2 - (0 - -3))
-5
Calculate (4 - 8 - 2) + 0 + 5.
-1
What is the value of -5 - (3 - 9) - -6?
7
(7 + 5 - 9) + 2 + 2
7
Calculate 7 - (-1 - -5) - (-1 - -1).
3
What is the value of -2 + 4 + 4 - 6?
0
Calculate -10 + (8 + -8 - 1).
-11
Calculate -4 - (1 - -5 - (9 + -4)).
-5
What is -7 + 11 - (2 + 0)?
2
(-4 + 10 - 2) + -1
3
What is the value of -15 + 12 - (1 - (12 - -1))?
9
Calculate (4 - -2) + (-11 - (0 - 10)).
5
(2 - (0 + 2)) + (-7 - -6)
-1
Evaluate (-5 + 9 - -2 - 3) + -10.
-7
(-6 - 0) + -6 + 16 + -8
-4
What is -4 + -3 